5 + l. What is the tens digit of o?
4
Let b(k) = -15*k + 65. Let a(x) = 16*x - 66. Let q(v) = -5*a(v) - 6*b(v). What is the units digit of q(14)?
0
Suppose -w - 4496 = -3*r, 5*r + 0*r - 5*w - 7500 = 0. What is the hundreds digit of r?
4
Let c = -24 + 30. What is the units digit of (-4)/c - 2112/(-36)?
8
Let r be 5/(3/(3 - 0)). Suppose -r*l = -0*l + 290. Let m = l - -100. What is the units digit of m?
2
Suppose -2*v + 7*v = 2640. Suppose 0 = 4*y - 10*y + v. What is the tens digit of y?
8
Let f(x) = 4*x - 5. Suppose 2*v + 10 - 26 = 0. Let m(l) = l**2 - 8*l + 6. Let c be m(v). What is the tens digit of f(c)?
1
Let f = 6 + -6. Suppose c - 2 = -f*c. Suppose c*v - 2*b = 56, -2*b = 2 - 0. What is the tens digit of v?
2
Suppose 3449 = -10*k - 271. What is the hundreds digit of (-1*3)/(4/k)?
2
Let g(x) = -2*x + 16. Let i be g(-6). Suppose 3*t - i - 194 = 0. What is the tens digit of t?
7
Suppose -4*u + 264 = 4*l, 2*l + 5*u = u + 128. What is the tens digit of l?
6
Suppose -52*n = -44*n - 4224. What is the tens digit of n?
2
Suppose 2*q = y + 2488, 5*q + 3*y - 3766 - 2443 = 0. What is the thousands digit of q?
1
Let y be -42*(5/3 - 1). Let f be y/(-49) - (-24)/7. What is the units digit of 0 + (4 - f) - -33?
3
Let w be -9 - (-2 - -2)/(-5). What is the units digit of (w/9)/((-1)/58)?
8
Let m(q) = 48*q**2 - 3*q + 3. What is the hundreds digit of m(-4)?
7
Suppose 0 = 3*s + 3*m + 2*m + 22, s = -m - 8. What is the units digit of s*(3 - 44/12)?
6
Let m be 1 - (3 - 16/4). Suppose a + m*t = 107, 3*a = a - 5*t + 209. What is the tens digit of a?
1
Let t = 69 - 72. Suppose g = -5*w + 5*g - 10, -3*w - 6 = g. What is the tens digit of (-68)/w + (-3)/t?
3
Let k(m) = 4*m**2 + 10*m + 47. What is the units digit of k(-6)?
1
Let z(w) be the third derivative of w**5/60 + w**4/2 - 4*w**3/3 - 5*w**2. Let h be z(-13). Suppose -4 = 3*x - h*x, 36 = g + 5*x. What is the units digit of g?
6
Suppose 5*s - 4 = 6. Suppose 2*f + 6 = 2*p + 2*p, 3*f - 23 = -s*p. Let y(c) = 9*c - 9. What is the tens digit of y(f)?
3
Let d(g) = -178*g - 73. What is the units digit of d(-7)?
3
Let r = 6979 + -2578. What is the units digit of r?
1
What is the units digit of (251*3 - -1)/(150/225)?
1
Suppose 2*m = 5*p + 627, 4*m = -19*p + 17*p + 1290. What is the hundreds digit of m?
3
Suppose w = 3*v + 74, -w - 3*v = -2*v - 78. Let f = 120 - w. What is the units digit of f?
3
Suppose 5*v = -2 + 27, 13 = 3*k + 2*v. Let h be (-3 + 2)*(k + -70). Suppose 3*t - 4*t + h = -3*b, -5*t = b - 265. What is the units digit of t?
4
Let x be (-3 + 2 - 1) + 6. Suppose -x*o + 6 = 18. Let j(b) = -21*b - 3. What is the tens digit of j(o)?
6
What is the units digit of (134/(-8))/(2/(-32))?
8
What is the hundreds digit of (-26 + 24)*(-1859)/2?
8
Suppose -60 = q - 6*q. Let y be ((-213)/q)/(1/(-4)). Let l = y + -39. What is the units digit of l?
2
Suppose 1920 = -2*b + 8*b. Let i = -92 + b. What is the units digit of i?
8
Let h(w) = w**3 + 4*w**2 - w + 4. Let v be h(-5). Let s = v - -44. Suppose t - s = -10. What is the tens digit of t?
1
Let y = 2411 - 885. What is the thousands digit of y?
1
Suppose 5*v + 18 = 14*v. Suppose 4*b - 982 - 330 = 4*s, v*b - 5*s = 668. What is the units digit of b?
4
Let g be (-9 + 1)/(2/2). Let v(s) = -s - 7. What is the units digit of v(g)?
1
Let j(a) = 318*a + 8. What is the units digit of j(1)?
6
Suppose 0 = -4*q - o + 7204, 3*q + 7188 = 7*q - 3*o. What is the thousands digit of q?
1
Let t = 3783 - 2045. What is the tens digit of t?
3
Suppose -3*v - 5*w = -539, 0 = -5*v - 5*w + 899 + 6. What is the units digit of v?
3
Let s = 718 - -36. What is the units digit of s?
4
Let r be 8/3*21/(-4). Let y be (-6)/r + (-554)/(-14). Suppose u = 2*u - y. What is the tens digit of u?
4
Suppose 0*u - 16 = 2*u. Let f(z) = 2*z**2 + 11*z + 19. What is the units digit of f(u)?
9
Let q = -173 + 174. Let l(r) = 2*r - 2*r + 2*r - 2 + 14*r**2. What is the units digit of l(q)?
4
What is the units digit of -119*(-87)/12 - (-14)/56?
3
Suppose o - 3744 = t, -11*t - 11238 = -3*o - 10*t. What is the hundreds digit of o?
7
Suppose 29*o - 32*o = -16209. What is the thousands digit of o?
5
Suppose 4*g = -4*f - 36, -3*g - 2*f = -f + 37. Let x = 182 + g. Suppose 0*h = -4*h + x. What is the units digit of h?
2
Suppose 0*s = s - 58. Suppose 0 = -503*b + 499*b + 12. Let p = s - b. What is the tens digit of p?
5
Suppose -k = 5*m - 9, 2*k + 0*k = 4*m + 4. Let c(f) = 3*f + 5 - m - f. What is the tens digit of c(3)?
1
Let l(c) be the second derivative of c**5/20 + 7*c**4/12 + 4*c**3/3 + 5*c**2/2 + 21*c. What is the units digit of l(-5)?
5
Suppose 308*r - 15946 = 301*r. What is the thousands digit of r?
2
Let s be 2 - (-35 + (-15)/5). Suppose -20 - s = -3*d. What is the units digit of d?
0
Let q = 50 - 48. Let m(p) = 73*p**2 - 2*p + 4. What is the tens digit of m(q)?
9
Suppose 5*z = -9*z + 21000. What is the hundreds digit of z?
5
What is the tens digit of 96/28*(-126)/(-6)?
7
Suppose 0*z = 5*z. Suppose z = -3*j + 21 + 159. What is the units digit of j?
0
Suppose 44*x - 190 = 39*x. Let f = x - 2. What is the units digit of f?
6
Suppose 56 = 3*c - 0*g - 5*g, 10 = 2*g. Let q(a) = -a**2 + 27*a + 14. What is the tens digit of q(c)?
1
Suppose -4*n + 6 = b, 2*b + 0*b + n = 33. Let s = b - 8. Suppose 0 = -9*i + s*i - 18. What is the units digit of i?
8
What is the units digit of 25/(-5) + 1 - 231*-1?
7
Let l(o) = -o**3 - 6*o**2 + 4*o - 10. Let y be l(-10). Suppose -12*n + y = -7*n. Suppose -4*p + n = -2*p. What is the units digit of p?
5
Suppose -16 = -3*s + 4*l, 6*s = 3*s + l + 22. Let j = -10 + s. Let o = 18 - j. What is the tens digit of o?
2
Let r(i) be the third derivative of -i**4/8 - i**3/3 - i**2. Let o be r(-2). Suppose -5 = 3*g - o*g. What is the units digit of g?
5
Let r(n) = 65*n**2 - 14*n - 28. What is the hundreds digit of r(-3)?
5
Let k = 6 + -6. Suppose k = 2*d + 2*o + 32, -5*o = -4*o - 5. Let z = d + 26. What is the units digit of z?
5
What is the units digit of (((-12)/(-8) + -1)*-706)/(-1)?
3
Let q(j) = -118*j + 95. What is the units digit of q(-9)?
7
What is the units digit of (24 - 0)/((-20)/(-2490))?
8
Suppose l - 2*d + 1891 = 2*l, 0 = l + 4*d - 1889. What is the tens digit of l?
9
Let y = 49 - 25. Let p = 24 - y. Suppose 3*b + 4*k - 80 = p, -2*b - 105 = -6*b - 5*k. What is the units digit of b?
0
Suppose 5*f - 288 = 6072. What is the hundreds digit of f?
2
Let r(i) = i**3 - 16*i**2 - i + 22. Let s be r(16). Let f(a) = 15*a + 28. What is the tens digit of f(s)?
1
Suppose -28 = i - 9. Let x = i + 23. Suppose -h + 66 = 4*o, -x*h + 380 = h - 5*o. What is the units digit of h?
4
Let i be -2 + 0 + 0 + 6. Suppose -i*v + 14 = -10. Let c = v + 2. What is the units digit of c?
8
Let l(s) = -74*s - 912. What is the tens digit of l(-28)?
6
Let q(m) = -m**2 - 4*m + 7. Let y be q(-5). What is the units digit of y/15 - 298/(-15)?
0
Suppose 41*b - 33*b - 3056 = 0. What is the tens digit of b?
8
Let c = 32 - 28. Suppose -p + 137 = -v, -2*p + c*v - 556 = -6*p. What is the units digit of p?
8
Suppose 114 = -0*o + 3*o. What is the units digit of 2 - ((-63)/(-18))/((-1)/o)?
5
Let w(u) = -51*u - 23. Let b be w(-4). Suppose b = 3*x - 62. What is the tens digit of x?
8
Suppose 0 = -7*b + 2*b - 3*d + 2448, -2*d = 8. What is the tens digit of b?
9
What is the tens digit of -24 + 1548 + (2 - 1)?
2
Let m = -113 + 197. Suppose s - m = -2*t, -2*s - 72 = -3*s + 4*t. What is the tens digit of s?
8
Suppose o - 382 - 849 = 3*k, -5*k = -4*o + 4924. What is the hundreds digit of o?
2
Suppose 28 = 12*k - 44. What is the tens digit of 519/5 - (k/(-5) - -1)?
0
Let a(t) = t**3 + 12*t**2 - 2*t + 11. Suppose 2*s - s + 16 = 0. Let f be 17 + -13 + s/1. What is the tens digit of a(f)?
3
Suppose 0 = 2*b + 3*n + 2, b - 4 + 5 = -4*n. Let u be 7 - (b + (1 - 1)). What is the tens digit of (-40)/(-14)*28/u?
1
Let h = -116 + 294. Suppose 738 = 5*w - w + x, -w = -3*x - h. What is the hundreds digit of w?
1
Let c(o) = -o**2 + 5*o - 7. Let v be c(12). What is the tens digit of (1 - -1)*1 - v?
9
Let y be 6/(-9)*(-18)/4. Suppose 3*r + 80 = -2*v, -3*v + 65 = -y*r - 10. Let s = r - -42. What is the units digit of s?
6
Suppose -15*k + 30762 = 9027. What is the thousands digit of k?
1
Let b(n) = 20*n + 3. Let a = 9 + -7. What is the tens digit of b(a)?
4
Let d(b) = 443*b**